ppose 2*d - 60 = -m, 4*d - 2*m - 8 = 104. Suppose 2*o = -7 + d. Calculate the remainder when 21 is divided by o.
10
Calculate the remainder when (4/12)/((-2)/(-66)) is divided by 58/8 - 1/4.
4
Let u = -28 + 74. Suppose -5*c + 4*b = -128, 0 = c - 5*b - 0*b - 34. What is the remainder when u is divided by c?
22
Let w(l) = -2*l**2 + 2*l + 24. What is the remainder when 68 is divided by w(0)?
20
Suppose -3*z + 48 = -27. What is the remainder when 73 is divided by z?
23
Calculate the remainder when 15 is divided by (-38)/(-8) - 15/20.
3
Let u = -17 - -27. Suppose 0 = -2*w - q - 21, -5*w + u*w + 65 = -5*q. Let m = -1 - w. What is the remainder when 20 is divided by m?
6
Let h = -8 + 13. Suppose 0 = -6*q + 52 + 20. What is the remainder when q is divided by h?
2
Let n(l) = l - 8. Let i be n(5). Let g be -2 + (-1)/(i/9). Calculate the remainder when 1 is divided by 1 - -2 - (1 + g).
0
Suppose m = -u + 11, -u - 20 = -2*u + 2*m. Suppose -w + 0*w + u = -p, -2*p = -4*w + 54. Calculate the remainder when w is divided by 5.
3
Suppose 0 = -0*h - 5*h + 30. Suppose h + 9 = 5*q. Suppose -22 = -q*d - 4*k, 4*d = -3*k + 14 + 13. Calculate the remainder when d is divided by 4.
2
Let d(a) = a**3 - 4*a**2 + 11*a - 5. What is the remainder when d(4) is divided by (-22)/(-2) + 1/(-1)?
9
Suppose 2*z - 82 = -3*v - v, 0 = 4*z - 2*v - 194. Calculate the remainder when 185 is divided by z.
44
Suppose -29 = 5*b - 99. Let f = 26 - 36. Let h = -5 - f. What is the remainder when b is divided by h?
4
What is the remainder when 97 is divided by (-33)/22*5/((-30)/68)?
12
Let l = 57 - 43. What is the remainder when 66 is divided by l?
10
Let r = 8 - 6. What is the remainder when -2*((-17)/r + 0) is divided by 9?
8
Let a(w) = -4*w + 29. Suppose 27 = -5*j + 107. What is the remainder when j is divided by a(5)?
7
Suppose 3 = u + w + 4*w, 4*u - 58 = 3*w. Let z = -8 + u. Suppose -56 = -x - 3*x. Calculate the remainder when x is divided by z.
4
Suppose 4*v - 20 = 148. Suppose -v = i - 3*u, -5*u = -i - 0*u - 52. What is the remainder when 33 is divided by -1*i/(-12)*-4?
6
Let u be 38/(-6) - (-2)/6. What is the remainder when 3/9 + (-58)/u is divided by 1/(-3 + 2)*-6?
4
Suppose 15 - 3 = 4*w + 2*c, -5*c + 14 = 2*w. Suppose -3*n + 0*n + 43 = 2*k, -25 = -w*n - 5*k. What is the remainder when 43 is divided by n?
13
Suppose 0 = n + 3, -3*d = -8*d + 2*n + 26. Suppose 33 = j + d*j - 2*y, 1 = y. Calculate the remainder when 11 is divided by j.
4
Suppose 0*d + 16 = d + v, -4*v = d - 22. Let k = 0 + 5. What is the remainder when d is divided by k?
4
Let l = 36 - -6. Calculate the remainder when 125 is divided by l.
41
Let l(v) = -v**3 - 8*v**2 + 5*v + 5. Let o be l(-6). Calculate the remainder when o/(-2) + 2/4 is divided by 13.
10
Suppose 0 = 3*t - d - 16, -2*t + 2 = -3*d - 18. Let v = 1 + t. What is the remainder when 14 is divided by v?
4
Let s = 117 - 105. What is the remainder when 59 is divided by s?
11
Suppose -4*b - 33 = -81. Let k(d) be the first derivative of d**3/3 + d**2/2 - 8*d + 2. What is the remainder when k(-7) is divided by b?
10
Suppose -h + 238 = 13*h. What is the remainder when h is divided by 11?
6
Let k be (-1)/3*(-19 - -10). Suppose -k*n + 0*n + 15 = 0. Calculate the remainder when n is divided by 3.
2
Suppose -2*a + 3*g + 29 = 0, -a = a + g - 49. Calculate the remainder when 43 is divided by a.
21
Let k be (-1 - -2)*-1 - 23. Suppose 92 = 2*o - 0*z + 3*z, 2*o - z = 84. Let g = o + k. What is the remainder when g is divided by 10?
9
Let w(l) = 2*l**2 + l - 1. Let j = -2 + -1. Calculate the remainder when 40 is divided by w(j).
12
Suppose 1904 = -5*q + 554. What is the remainder when 35 is divided by ((-4)/(-10))/((-9)/q)?
11
Let l(w) = w**3 + 4*w**2 - 3*w - 1. Let s be (-20)/6*(-27)/6. What is the remainder when l(-4) is divided by s/(-3)*(-4)/5?
3
Suppose 3*d + 0*d + 36 = 0. Let u(x) = x**3 + 12*x**2 - 2*x + 4. Suppose -l + 82 = -0*l. Calculate the remainder when l is divided by u(d).
26
Let a = -10 + 21. Suppose -1 = -w + a. Suppose -t - 2*m = -29, 0 = 4*t + 2*m - 0*m - 98. What is the remainder when t is divided by w?
11
Let d(p) = p + 19. Calculate the remainder when 36 is divided by d(0).
17
Suppose 43*r - 39*r - 36 = 0. Let s = 13 - -11. Calculate the remainder when s is divided by r.
6
Let u = -30 + 16. Let j = -8 - u. Calculate the remainder when 23 is divided by j.
5
Suppose -3*z = -5 - 10. Suppose 0 = -u - z, 2*u + 1 = a - 2*a. Calculate the remainder when 24 is divided by a.
6
Let a = -6 - -12. Let s = -17 + 51. Let n = s + -17. Calculate the remainder when n is divided by a.
5
Let h(o) = -o - 12. Let s be h(-10). Let m be s + (-3)/(-3) + 5. Suppose -65 = -m*g - g. Calculate the remainder when 24 is divided by g.
11
Let h = -19 + 35. Let o(n) = -n**2 + 5*n + 4. Let l be o(6). What is the remainder when l/10 + 624/20 is divided by h?
15
Let x(h) = 12 + 4*h**2 - 3*h**2 - h + 0 + 0*h**2. Let p be x(0). Suppose 4*a = g - p - 9, 3*g - 15 = -4*a. What is the remainder when 16 is divided by g?
7
Let h = 9 - 4. Let o be (h/3 + -1)*3. Calculate the remainder when 47 is divided by 2 - o - 1*-16.
15
Suppose -3 = -9*j + 8*j. Calculate the remainder when 10 is divided by j.
1
Let r(m) = -2 + 4 - 6 + 12*m**2 + m + 3. Calculate the remainder when 23 is divided by r(1).
11
Let u = 43 - 26. Calculate the remainder when 64 is divided by u.
13
Let y be ((-7)/3)/((-1)/3). Suppose 3*m - 8 = y. What is the remainder when m is divided by (-4)/(-6) - 4/(-3)?
1
Let a = 178 - 165. Let r(s) = s**3 - 7*s**2 + 6*s - 7. Let h be r(7). Suppose q + 4*q - h = 0. Calculate the remainder when a is divided by q.
6
Let k(u) = -8*u - 12. Let v(f) = -f**2 + 9*f - 4. Let q be v(8). Let n = 6 + q. Calculate the remainder when k(-5) is divided by n.
8
Calculate the remainder when 70 - (-8 - 12/(-3)) is divided by 25.
24
Suppose 2*n = 14*n - 948. What is the remainder when n is divided by 43?
36
Calculate the remainder when (66/(-15))/(-4*1/10) is divided by 3.
2
Let x(f) = f + 7*f**2 - 4*f**2 + 3 - 1. Calculate the remainder when 3/(36/21)*20 is divided by x(-2).
11
Let v(f) be the third derivative of f**4/24 + 17*f**3/6 + 2*f**2. What is the remainder when v(0) is divided by 6?
5
Suppose 2*j = -0*j. Suppose j = -5*q + 282 + 83. Calculate the remainder when q is divided by 19.
16
Suppose 7*u = 3*u + 184. Suppose 4 = 3*a + u. What is the remainder when 13 is divided by 6/(-3)*a/4?
6
Suppose 5*o = 4*f - 56, 4*o + 3 = -2*f - 21. Let l be ((-22)/o)/(2/(-8)). Let k = l + 19. Calculate the remainder when 14 is divided by k.
6
Let o = -13 - -11. Let g = o + 16. Calculate the remainder when 40 is divided by g.
12
What is the remainder when (-59)/(-2) + (-6)/(-12) is divided by 23/2 + (-1)/2?
8
Let o = 3 + 1. Suppose -t - 2*t = -5*v - 86, 128 = o*t - 4*v. What is the remainder when t is divided by 19?
18
Let u = 9 - -5. Calculate the remainder when 854/22 + 4/22 is divided by 0/((-6)/(-3)) + u.
11
Suppose 4*r + 245 = -j, -6*r - 2*j = -4*r + 130. Suppose -l - 3 = 4*c, -7*l + 3*l - 4*c + 24 = 0. What is the remainder when 12 is divided by (-2)/(-6) - r/l?
5
Suppose 2*d - k - 64 = 0, 3*d + 4 - 97 = 3*k. Suppose d + 23 = -2*o. Let m = -19 - o. What is the remainder when 17 is divided by m?
8
Let z = 11 + -6. Suppose -6*d = -2*d + 2*v - 982, 754 = 3*d + z*v. Calculate the remainder when 1/(-2) - d/(-6) is divided by 21.
19
Suppose c + 4*c - 170 = 0. Suppose 0*y - 2*y = 44. Let v = y + 31. Calculate the remainder when c is divided by v.
7
Let u be (-19)/(-4) + (-2)/(-8). Suppose 0*y = u*y - 2*d + 8, 5*d = -3*y - 11. Calculate the remainder when 20 is divided by (-7)/2*(-4 - y).
6
Let v = 28 - -11. Let n = -60 + 35. Let b = -15 - n. Calculate the remainder when v is divided by b.
9
Let z = 60 + 18. Suppose 5*s - 7 = z. Calculate the remainder when 32 is divided by (s + (2 - 2))/1.
15
Suppose 3*c - 22 = -3*o - 2*o, 3*o + 3*c - 12 = 0. Calculate the remainder when 19 is divided by o.
4
Let l(d) = 3*d - 13. What is the remainder when l(14) is divided by 10?
9
Let d = 34 + -17. Let i(o) = o**2 - 4*o + 5. Calculate the remainder when d is divided by i(5).
7
Let n = 2 + 4. Calculate the remainder when (-11)/((-11)/n)*4 is divided by 9.
6
Let k(l) = 2*l**2 + 4*l**2 + l - 4*l + 1. What is the remainder when k(2) is divided by